e 12) to base 5.
-1422
Convert 0 (base 2) to base 7.
0
c (base 13) to base 2
1100
13 (base 10) to base 3
111
What is -1 (base 8) in base 12?
-1
-11 (base 2) to base 11
-3
Convert -3 (base 8) to base 14.
-3
-11001 (base 3) to base 6
-301
Convert 110120 (base 3) to base 6.
1323
2 (base 7) to base 12
2
Convert 35 (base 6) to base 15.
18
-13 (base 7) to base 4
-22
What is -265 (base 7) in base 10?
-145
0 (base 13) to base 16
0
Convert -120 (base 3) to base 13.
-12
Convert 11 (base 9) to base 15.
a
Convert 3 (base 13) to base 14.
3
Convert 2 (base 10) to base 4.
2
What is 2 (base 16) in base 6?
2
What is -1 (base 12) in base 16?
-1
What is 110 (base 14) in base 11?
181
What is 14 (base 9) in base 2?
1101
12 (base 6) to base 3
22
Convert 4 (base 12) to base 5.
4
-19 (base 16) to base 12
-21
Convert -2 (base 7) to base 10.
-2
23 (base 8) to base 15
14
Convert 11 (base 4) to base 12.
5
Convert 1300 (base 4) to base 10.
112
Convert -1 (base 10) to base 9.
-1
Convert -3 (base 7) to base 2.
-11
Convert -1 (base 6) to base 2.
-1
-24 (base 14) to base 15
-22
What is -36 (base 7) in base 6?
-43
What is 2 (base 8) in base 3?
2
-2 (base 13) to base 14
-2
What is -18 (base 13) in base 12?
-19
251 (base 7) to base 11
112
-6 (base 11) to base 14
-6
Convert -412 (base 5) to base 16.
-6b
-b (base 14) to base 3
-102
1121 (base 4) to base 10
89
Convert 1101 (base 2) to base 14.
d
What is -5 (base 14) in base 6?
-5
11 (base 2) to base 8
3
Convert -464 (base 8) to base 3.
-102102
2 (base 13) to base 16
2
What is 32 (base 12) in base 15?
28
What is -1201 (base 3) in base 12?
-3a
Convert 201 (base 4) to base 9.
36
What is 9 (base 10) in base 7?
12
-48 (base 11) to base 14
-3a
149 (base 10) to base 8
225
What is -3 (base 14) in base 9?
-3
What is 1 (base 4) in base 14?
1
-6 (base 7) to base 2
-110
Convert -74 (base 9) to base 8.
-103
What is -d (base 15) in base 4?
-31
What is -6 (base 12) in base 13?
-6
Convert -3 (base 8) to base 9.
-3
What is 2021 (base 3) in base 2?
111101
Convert -a (base 12) to base 13.
-a
0 (base 15) to base 14
0
What is -2 (base 9) in base 5?
-2
-1 (base 14) to base 8
-1
Convert -134 (base 5) to base 13.
-35
Convert -7 (base 14) to base 4.
-13
What is 26 (base 10) in base 11?
24
What is -21 (base 6) in base 4?
-31
-143 (base 11) to base 9
-206
Convert -3 (base 15) to base 13.
-3
-c (base 13) to base 11
-11
11111 (base 3) to base 16
79
-21 (base 3) to base 2
-111
-75 (base 12) to base 15
-5e
What is 1c (base 14) in base 2?
11010
Convert 146 (base 9) to base 11.
102
Convert 10111 (base 2) to base 10.
23
2 (base 10) to base 2
10
What is -91 (base 16) in base 11?
-122
15 (base 8) to base 9
14
110 (base 4) to base 5
40
0 (base 16) to base 12
0
What is -110 (base 3) in base 15?
-c
Convert -1 (base 16) to base 15.
-1
-232 (base 6) to base 2
-1011100
Convert -21 (base 15) to base 7.
-43
What is 3 (base 4) in base 7?
3
-1 (base 2) to base 12
-1
Convert -49 (base 11) to base 9.
-58
-3 (base 14) to base 10
-3
Convert -13 (base 4) to base 11.
-7
Convert 5 (base 8) to base 16.
5
What is 14 (base 16) in base 8?
24
Convert -1 (base 12) to base 3.
-1
Convert 10 (base 14) to base 13.
11
-5 (base 13) to base 3
-12
What is 2a (base 14) in base 12?
32
Convert 121 (base 6) to base 5.
144
-335 (base 7) to base 13
-104
-53 (base 7) to base 15
-28
1010 (base 2) to base 9
11
What is 0 (base 11) in base 15?
0
Convert -3 (base 7) to base 9.
-3
0 (base 11) to base 7
0
What is 259 (base 10) in base 5?
2014
What is 9 (base 11) in base 15?
9
What is -231 (base 10) in base 12?
-173
Convert -9 (base 16) to base 8.
-11
What is 0 (base 3) in base 15?
0
-1 (base 11) to base 8
-1
Convert -111 (base 11) to base 10.
-133
What is 1 (base 4) in base 5?
1
-12 (base 6) to base 5
-13
4 (base 11) to base 5
4
Convert 0 (base 8) to base 14.
0
-5 (base 8) to base 13
-5
3 (base 8) to base 14
3
1121 (base 4) to base 14
65
What is -1102 (base 4) in base 13?
-64
What is 2d (base 14) in base 2?
101001
-323 (base 5) to base 15
-5d
What is -215 (base 6) in base 9?
-102
Convert -db (base 16) to base 8.
-333
Convert -1021 (base 3) to base 15.
-24
What is -1b (base 12) in base 9?
-25
1001100 (base 2) to base 15
51
Convert -100102 (base 3) to base 13.
-167
What is 0 (base 4) in base 5?
0
-2 (base 7) to base 9
-2
What is -326 (base 9) in base 8?
-413
What is -4 (base 7) in base 15?
-4
-10 (base 3) to base 4
-3
Convert 12 (base 8) to base 7.
13
-3 (base 8) to base 16
-3
Convert 0 (base 7) to base 4.
0
Convert 1 (base 7) to base 16.
1
-2 (base 8) to base 9
-2
4 (base 6) to base 11
4
-2 (base 10) to base 16
-2
7 (base 16) to base 11
7
0 (base 11) to base 8
0
What is 64 (base 8) in base 12?
44
1 (base 8) to base 9
1
Convert 15 (base 15) to base 2.
10100
-5 (base 14) to base 4
-11
Convert 5 (base 15) to base 14.
5
Convert 0 (base 15) to base 8.
0
-100 (base 4) to base 12
-14
5 (base 11) to base 9
5
What is -116 (base 9) in base 4?
-1200
What is 11 (base 15) in base 2?
10000
19 (base 11) to base 15
15
-4 (base 8) to base 6
-4
-14 (base 7) to base 13
-b
-340 (base 8) to base 3
-22022
3 (base 10) to base 5
3
What is -144 (base 11) in base 14?
-c1
Convert 111 (base 6) to base 3.
1121
3 (base 9) to base 10
3
What is -34 (base 12) in base 8?
-50
What is -212 (base 3) in base 7?
-32
Convert -7 (base 9) to base 3.
-21
-2 (base 10) to base 12
-2
Convert -151 (base 11) to base 16.
-b1
Convert -1101100 (base 2) to base 8.
-154
Convert -134 (base 6) to base 4.
-322
Convert 5 (base 14) to base 7.
5
What is 8 (base 10) in base 16?
8
-c8 (base 16) to base 7
-404
Convert 50 (base 11) to base 15.
3a
What is 5 (base 16) in base 5?
10
102 (base 4) to base 8
22
21112 (base 3) to base 11
175
Convert -76 (base 9) to base 3.
-2120
402 (base 5) to base 8
146
-10 (base 4) to base 3
-11
What is 14 (base 9) in base 12?
11
-10 (base 12) to base 2
-1100
What is -11 (base 8) in base 15?
-9
-45 (base 14) to base 6
-141
-c7 (base 16) to base 8
-307
What is -1ac (base 14) in base 10?
-348
Convert -69 (base 16) to base 2.
-1101001
a (base 12) to base 2
1010
What is 22 (base 4) in base 5?
20
What is 220 (base 5) in base 9?
66
Convert -5 (base 16) to base 13.
-5
What is 5 (base 10) in base 13?
5
What is 83 (base 13) in base 9?
128
What is 20 (base 11) in base 4?
112
2 (base 3) to base 10
2
44 (base 14) to base 7
114
-100 (base 3) to base 8
-11
Convert -4 (base 12) to base 15.
-4
What is -1 (base 9) in base 14?
-1
Convert -26 (base 7) to base 15.
-15
What is -34 (base 9) in base 5?
-111
Convert 0 (base 10) to base 11.
0
What is 7 (base 16) in base 10?
7
Convert 18 (base 14) to base 7.
31
What is -1 (base 6) in base 7?
-1
What is -25 (base 13) in base 7?
-43
Convert 0 (base 4) to base 12.
0
Convert -1 (base 13) to base 8.
-1
Convert -1 (base 14) to base 11.
-1
11210 (base 3) to base 11
108
What is 6 (base 8) in base 13?
6
Convert -1000010 (base 2) to base 10.
-66
Convert -6 (base 15) to base 13.
-6
Convert 0 (base 16) to base 6.
0
Convert 1000 (base 2) to base 12.
8
Convert -123 (base 4) to base 7.
-36
What is 1 (base 9) in base 12?
1
Convert 7 (base 10) to base 16.
7
Convert 10 (base 3) to base 16.
3
What is 5 (base 14) in base 16?
5
Convert 3 (base 13) to base 4.
3
What is 1233 (base 4) in base 9?
133
What is -1 (base 9) in base 7?
-1
What is -3 (base 6) in base 12?
-3
What is -27 (base 13) in base 5?
-113
110 (base 6) to base 16
2a
Convert 31 (base 7) to base 3.
211
-31 (base 4) to base 8
-15
Convert -35 (base 10) to base 2.
-100011
Convert -54 (base 6) to base 14.
-26
What is -8 (base 15) in base 6?
-12
Convert 1 (base 3) to base 12.
1
Convert 101 (base 3) to base 8.
12
What is 8 (base 11) in base 5?
13
16 (base 9) to base 3
120
Convert 20 (base 3) to base 12.
6
5 (base 9) to base 11
5
Convert -1000000 (base 2) to base 6.
-144
What is -6 (base 15) in base 16?
-6
-31 (base 4) to base 13
-10
Convert -1122 (base 3) to base 10.
-44
-7 (base 8) to base 11
-7
Convert -115 (base 6) to base 15.
-32
Convert 23 (base 6) to base 15.
10
57 (base 13) to base 8
110
Convert -154 (base 15) to base 5.
-2204
Convert 220 (base 6) to base 9.
103
Convert -7c (base 16) to base 5.
-444
What is -11 (base 6) in base 3?
-21
What is -2 (base 3) in base 9?
-2
Convert -14 (base 13) to base 8.
-21
6 (base 7) to base 8
6
-1 (base 11) to base 8
-1
Convert -112 (base 5) 